68. What is the units digit of s?
2
Let g be 1*(-2 + 6/3). Suppose g = 4*p - 13 - 11. What is the units digit of p?
6
What is the units digit of 4 + (-2 - (0 + -108))?
0
Let n(t) = t**2 + 5*t - 4. Let b be n(-6). Suppose 2*r + 5*o = 53, b*o = r + 3*r - 166. What is the tens digit of r?
3
Suppose 3*z - 30 = -0*z. What is the units digit of z?
0
Suppose -5*n + 117 = -3*n - 3*h, 0 = -2*n + h + 123. Suppose 3*z - n + 6 = 0. What is the tens digit of z?
1
Let q = 11 + -8. Suppose -q*r = 12, 0*r = -4*n + 3*r + 24. Suppose -i - n = d, 2*i = d - i - 13. What is the units digit of d?
1
Suppose -4*n = n + 30. Let z(l) = -8*l - 9. What is the tens digit of z(n)?
3
Suppose 17*p + 200 = 19*p. What is the tens digit of p?
0
Let b = -4 + 0. Let p be (-8)/6*(-18)/b. Let o(y) = y**2 + 5*y + 7. What is the units digit of o(p)?
3
Let u be -79*(2/2 - 2). Let k = -55 + u. Suppose -k = -2*g - 10. What is the units digit of g?
7
Let n = 2 + 7. Let k(f) = 4*f + 9. What is the tens digit of k(n)?
4
Suppose -2*n + n = -4. Suppose t - 53 = -2*t - n*p, 3*t - 5*p - 35 = 0. What is the units digit of t?
5
Suppose 13*a - 10*a = 426. What is the tens digit of a?
4
Let u be (1/(-2))/(2/8). Let d = u + -5. What is the units digit of (-65)/(-7) + 2/d?
9
Suppose 0 = 5*o - 0 - 10. Suppose -q = -w, 3*w + 2*w = -o*q + 21. Suppose 0 = q*b - n - 46, -b + 6*b = 5*n + 80. What is the tens digit of b?
1
What is the tens digit of -9*5/(-30) - 134/(-4)?
3
Let w(k) = -10*k + 59. What is the units digit of w(-14)?
9
Let f(s) = -s**3 + 6*s**2 + 7*s + 3. What is the tens digit of f(6)?
4
Let t be (-6)/(-10) - (-246)/(-10). Suppose -2*m - 37 = 41. Let h = t - m. What is the tens digit of h?
1
Let u(p) = p**3 - 7*p**2 + 5*p + 8. Let v be (8/10)/(20/150). What is the units digit of u(v)?
2
Suppose 0 = 4*g + 22 - 2, -5*g - 13 = 2*z. What is the units digit of z?
6
Suppose -59 - 65 = -2*t. What is the tens digit of t?
6
Let k be 0/((12/2)/(-2)). Let v = 18 - k. What is the tens digit of v?
1
Suppose 0 = -5*l + i + 20, -2*l - i + 6*i + 8 = 0. Suppose -l*g + 25 = g. What is the units digit of g?
5
Suppose -2*s + 21 = -3*u, s - 9 = -0*u + u. Let z(f) = f**2 - 6*f - 4. Let x be z(7). Let o = x + s. What is the units digit of o?
9
Suppose 3*a + 3 = 3*z, 2*a + 3*z - 27 = -a. Suppose -a*v = v - 2*d - 64, 3*v - 27 = 5*d. Let x = v + -8. What is the units digit of x?
6
Let s(x) = x**3 - 2*x**2 + 2*x - 3. Suppose u = -4*u + 10. Suppose -u*b = -b - 2. What is the units digit of s(b)?
1
Let m = 41 - -16. What is the units digit of m?
7
Let c be (3/9)/(1/12). Let f = c + -1. Suppose 3*z - f = 6. What is the units digit of z?
3
Let l = 6 - 15. What is the units digit of l/(2/(-3 - 3))?
7
What is the tens digit of 1/2 + (-870)/(-12)?
7
Let b(h) = 3*h + 2. Let j be b(2). Suppose 3*x + 67 = 3*m - j, 0 = -3*m + 4*x + 74. What is the units digit of m?
6
Let g = -12 + 35. What is the tens digit of g?
2
Let k be ((-2)/1)/(-2)*-38. Let m = -22 - k. Suppose m = 6*i - 2*i, 3*y - 4*i - 8 = 0. What is the units digit of y?
8
Let y = 10 - 7. Let o(r) = 26*r - 1. Let w be o(1). Suppose -q = y*b - w, -3*q - 2*b = -q - 30. What is the units digit of q?
0
Let g(s) = -2*s + 1. Let f be g(-1). Suppose t - f = 1. Suppose 0 = 3*o - z - 7 - 2, -4*z - 12 = -t*o. What is the units digit of o?
3
Suppose 4*o - 2*o = -2. Let u be o/((-1 - -4) + -2). Let b = u + 2. What is the units digit of b?
1
Let k(a) = -1 - 3*a - 2 + 0*a**2 + a**2. Let v be k(4). Suppose -r = q - 0*q - v, -5*r = -5*q + 25. What is the units digit of q?
3
Suppose -4*l - 23 = -3*t, 5*t = -5*l + 4 + 11. Let g(r) = -6*r. Let u be g(-2). Suppose t = -z + u. What is the units digit of z?
7
Suppose m - 1 - 8 = 0. What is the units digit of m?
9
Let n(g) = -g + 1. Let q be n(4). Let s = -3 - q. Suppose -3*y - 4*p + 29 = -6*p, -5*y + 5*p + 45 = s. What is the units digit of y?
1
Let z(x) = x - 5. Let d be z(5). What is the units digit of -3 - (d - 32) - 3?
6
Suppose -3 = 3*g, -4*j = -3*g - 0*g + 13. Let h(l) = l + 0 - 3 + 8. What is the units digit of h(j)?
1
Let q = 65 - 2. What is the units digit of q?
3
Let d(f) = 5*f**2 - 2*f - 1. Let i be 6/(-4) - (-6)/12. What is the units digit of d(i)?
6
Let n(v) = 16*v + 7. Let z be n(-6). What is the units digit of 13/65 - z/5?
8
Let d(u) be the third derivative of u**4/8 + u**3 + 4*u**2. Let b be d(-5). Let h = b - -23. What is the tens digit of h?
1
Let h(k) = -4*k - 4. Let q be h(-5). Suppose 5*c - 55 = -5*i, 2*i - q = -5*c + c. What is the tens digit of i?
1
Let y = 25 - 28. Let u = y - -43. What is the units digit of u?
0
Suppose -10 = -4*z + 2. Let c be (6/4)/(3/(-6)). What is the units digit of (z/c)/1 + 2?
1
Let u(p) = -p - 3. Let f be u(5). Let g = f + 20. Suppose -d + 5*n = g, 2*d + 2*n - 19 - 17 = 0. What is the tens digit of d?
1
Suppose 3*j + 3*h = -15, 0 = -4*j - 2*h - 8 - 8. Let n be 1*(2 - 17)/j. Suppose 0 = -4*r + 9 + 3, n*r = -5*t + 25. What is the units digit of t?
2
Suppose -5*t = f - 24, -t + 3*t - 6 = -4*f. What is the units digit of -22*f*2/4?
1
Suppose -4*y - 4*s + 72 = 0, 0*s - 4*s - 12 = -2*y. Let f = y + -6. What is the units digit of f?
8
Let t(w) = -3*w**2 + 6*w - 3. Let f be t(6). Let r be (2*1)/((-10)/f). Let i = 21 - r. What is the units digit of i?
6
Let n be (20/(-15))/((-2)/6). Suppose n*z + 0*w - 2*w - 28 = 0, 0 = -2*w. What is the units digit of z?
7
Let b = -48 + 91. Let v(x) = x**2 - 2*x - 3. Let c be v(3). Suppose -4*k + 5*z + b = c, 0*z = z - 1. What is the tens digit of k?
1
Suppose 3*z + 5*x - 878 = 0, -6*z - 5*x = -2*z - 1174. What is the units digit of z?
6
Let b(o) be the second derivative of o**3/3 - o**2 - o. Suppose -4*m + 1 = 4*y - y, -y + 32 = -5*m. What is the tens digit of b(y)?
1
Let x = -6 + 3. Let n be 26/(-6) + (-1)/x. Let r(y) = y**3 + 4*y**2 - 2*y - 2. What is the units digit of r(n)?
6
Suppose -4*p = -3*p - 27. What is the units digit of p?
7
Suppose 6 + 9 = -3*q. What is the units digit of 21 + q - (-1)/(-1)?
5
Let y = 124 - 68. What is the tens digit of y?
5
Suppose 4*m - 240 = -4*z, m - 4*m = 9. What is the units digit of (-2)/9 + 455/z?
7
Suppose p = 5*p, -2*q + 332 = 2*p. What is the hundreds digit of q?
1
Suppose 0*y + 3*y = 0. Let l be y/(1 + 2 + -2). Suppose h + 4*h - 35 = l. What is the units digit of h?
7
Suppose 4*t - 38 = 3*t + a, -2*t + 4*a + 78 = 0. What is the units digit of t?
7
Suppose 3*g + s - 3 = 3*s, 4*g - 5*s = -3. Suppose 5*m - 9 + 44 = v, 0 = g*v + m - 137. What is the units digit of v?
5
Let w(s) = 10*s**3 + 2*s - 2. Let v be w(2). Suppose 0*m = -2*m + v. What is the units digit of m?
1
Suppose 0 = 2*u + 2*u. Suppose -3*f + 24 = -u*f. Suppose -4*x + f = -2*x. What is the units digit of x?
4
Suppose 4*t + 17 - 1 = 0. Let h(v) = 11*v**3 + v**2 + 2*v + 1. Let o be h(-1). Let x = t - o. What is the units digit of x?
7
Suppose 7 - 16 = -3*k. What is the units digit of k?
3
What is the tens digit of (-3 + -3)/(-3)*29?
5
Let z(w) = -w**3 + 9*w**2 + 9*w - 5. What is the units digit of z(7)?
6
Let n = 4 + -2. Suppose 0 = -0*p + n*p - 42. What is the tens digit of p?
2
Suppose -3 = 3*o + 3, t - 4*o = 0. Let n = t + 20. What is the units digit of n?
2
Let b be (1 + 9/(-5))*-5. Suppose 0 = -2*w + 4*m + 22, -m - b*m = 2*w - 31. What is the units digit of w?
3
Let p = 21 - 10. Let d = -7 + p. What is the units digit of d?
4
Suppose 61*z = 66*z - 1775. What is the tens digit of z?
5
Suppose 174 = -3*w + 549. What is the tens digit of w?
2
Suppose -2*h = -240 - 334. What is the units digit of h?
7
Let y(m) = 1. Let w(a) = a + 5. Let i(k) = w(k) - 3*y(k). What is the units digit of i(3)?
5
Suppose 2 - 19 = -k. What is the units digit of k?
7
Let i(n) = -n**3 + 2*n + 2. What is the units digit of i(-3)?
3
Suppose -2*i + 58 - 7 = 5*m, 3*i - 45 = 3*m. Suppose 2*s - i = -0*s. What is the units digit of s?
9
Let y(p) = 37*p. What is the units digit of y(1)?
7
Let t(y) = 7*y + 18. What is the tens digit of t(6)?
6
Let y(u) = -5*u + 10. What is the tens digit of y(-6)?
4
Let x be 6/(1/((-2)/3)). What is the units digit of 0*2/x + 6?
6
Suppose 5*j = 2*v + 853 + 221, -v = -3. What is the units digit of j?
6
Let j(c) = -7*c + 9. Let x be j(-10). Suppose -4*l - 2 = 5*i, 2*i = -i - 6. What is the tens digit of l/(-7) + x/7?
1
Let k = 9 - -41. What is the units digit of k?
